0?
True
Does 51 divide 4335?
True
Does 16 divide 54480?
True
Is 6 a factor of 234?
True
Is 2 a factor of 1760?
True
Is 24 a factor of 39312?
True
Does 7 divide 4625?
False
Is 165 a factor of 40811?
False
Is 432 a multiple of 6?
True
Does 22 divide 919?
False
Is 34 a factor of 17170?
True
Does 37 divide 31709?
True
Does 25 divide 2876?
False
Is 3 a factor of 546?
True
Is 275 a multiple of 3?
False
Is 17118 a multiple of 15?
False
Is 224 a multiple of 9?
False
Is 90 a multiple of 12?
False
Is 6 a factor of 12?
True
Is 6929 a multiple of 41?
True
Is 70442 a multiple of 24?
False
Is 22881 a multiple of 58?
False
Is 33611 a multiple of 139?
False
Does 17 divide 11373?
True
Is 30 a factor of 33027?
False
Is 28 even?
True
Is 10 a factor of 19270?
True
Is 61790 a multiple of 184?
False
Does 5 divide 1169?
False
Is 40678 a multiple of 4?
False
Does 30 divide 6466?
False
Does 4 divide 7596?
True
Is 1994 a multiple of 45?
False
Does 2 divide 372?
True
Is 82 a multiple of 41?
True
Is 146 a factor of 26103?
False
Is 4118 a multiple of 27?
False
Does 21 divide 2436?
True
Is 25 a factor of 2775?
True
Does 83 divide 7850?
False
Does 31 divide 6507?
False
Is 8 a factor of 20728?
True
Does 130 divide 20619?
False
Does 2 divide 8183?
False
Is 24 a factor of 216?
True
Is 95375 a multiple of 78?
False
Is 114 a factor of 12882?
True
Is 20 a factor of 20?
True
Is 609 a multiple of 4?
False
Is 3359 a multiple of 103?
False
Is 13 a factor of 55991?
True
Is 30 a factor of 168?
False
Does 2 divide 7614?
True
Does 11 divide 56994?
False
Does 3 divide 3354?
True
Is 8 a factor of 1080?
True
Is 4196 a multiple of 10?
False
Is 702 a multiple of 13?
True
Does 173 divide 17819?
True
Does 43 divide 2486?
False
Is 66 a factor of 8157?
False
Does 99 divide 2665?
False
Is 12432 a multiple of 16?
True
Is 43 a multiple of 3?
False
Is 22445 a multiple of 7?
False
Is 4 a factor of 318?
False
Does 37 divide 2680?
False
Does 44 divide 6864?
True
Does 39 divide 1322?
False
Is 186 a factor of 129456?
True
Is 82 a factor of 57955?
False
Is 27225 a multiple of 165?
True
Does 6 divide 222?
True
Is 113 a factor of 21756?
False
Does 10 divide 1380?
True
Is 12 a factor of 20345?
False
Is 990 a multiple of 18?
True
Does 34 divide 6086?
True
Is 5 a factor of 1005?
True
Does 9 divide 1945?
False
Does 69 divide 1242?
True
Does 16 divide 1389?
False
Does 17 divide 3723?
True
Is 31 a factor of 38107?
False
Does 131 divide 38907?
True
Is 7 a factor of 537?
False
Is 1520 a multiple of 20?
True
Is 5185 a multiple of 17?
True
Does 4 divide 174?
False
Does 23 divide 2346?
True
Does 39 divide 5147?
False
Does 16 divide 52?
False
Is 18 a factor of 10926?
True
Is 15 a factor of 765?
True
Does 15 divide 161?
False
Is 29 a factor of 10828?
False
Does 344 divide 28515?
False
Is 31 a factor of 29456?
False
Is 6104 a multiple of 28?
True
Is 40798 a multiple of 38?
False
Does 19 divide 532?
True
Is 87 a factor of 18058?
False
Does 267 divide 108590?
False
Does 54 divide 13328?
False
Is 65 a factor of 39975?
True
Is 8 a factor of 6784?
True
Does 35 divide 715?
False
Is 5313 a multiple of 77?
True
Does 15 divide 447?
False
Is 30 a factor of 45239?
False
Is 126 a factor of 13660?
False
Is 111 even?
False
Is 19 a factor of 27683?
True
Is 37 a factor of 999?
True
Is 86 a factor of 4816?
True
Does 16 divide 8459?
False
Does 28 divide 3668?
True
Is 4 a factor of 384?
True
Does 62 divide 8853?
False
Is 924 a multiple of 7?
True
Is 363 a multiple of 11?
True
Is 4 a factor of 696?
True
Does 4 divide 584?
True
Is 214 a multiple of 27?
False
Is 3722 a multiple of 17?
False
Does 3 divide 5557?
False
Is 79 a factor of 8927?
True
Does 25 divide 1643?
False
Is 98 a factor of 4900?
True
Is 773 a multiple of 18?
False
Is 156 a multiple of 6?
True
Is 97 a factor of 1801?
False
Is 58 a factor of 3304?
False
Does 2 divide 12744?
True
Is 5 a factor of 842?
False
Is 943 a multiple of 62?
False
Is 760 a multiple of 8?
True
Is 2 a factor of 337?
False
Is 14 a factor of 1862?
True
Does 13 divide 1668?
False
Is 11 a factor of 1947?
True
Does 72 divide 577?
False
Is 8155 even?
False
Does 9 divide 9007?
False
Is 14 a factor of 21476?
True
Does 23 divide 804?
False
Is 15 a factor of 525?
True
Is 15 a factor of 1350?
True
Is 6836 a multiple of 22?
False
Is 10 a factor of 680?
True
Does 18 divide 288?
True
Is 11 a factor of 1419?
True
Does 10 divide 769?
False
Is 440 a multiple of 7?
False
Does 345 divide 5175?
True
Is 2 a factor of 37?
False
Does 3 divide 230?
False
Does 37 divide 776?
False
Is 15 a factor of 10175?
False
Is 2253 a multiple of 21?
False
Does 132 divide 9900?
True
Does 21 divide 1995?
True
Does 6 divide 480?
True
Is 27 a factor of 1053?
True
Is 182 a factor of 27005?
False
Is 21516 a multiple of 6?
True
Does 31 divide 8835?
True
Does 14 divide 6387?
False
Does 3 divide 47?
False
Is 8880 a multiple of 37?
True
Is 7 a factor of 9576?
True
Is 2304 a multiple of 16?
True
Is 4266 a multiple of 13?
False
Is 38 a factor of 70491?
False
Does 16 divide 960?
True
Is 123 a factor of 492?
True
Does 50 divide 4095?
False
Is 398 a multiple of 24?
False
Is 1521 a multiple of 8?
False
Is 2284 a multiple of 84?
False
Is 1006 a multiple of 14?
False
Does 77 divide 104874?
True
Is 26 a factor of 29588?
True
Is 69 a factor of 15594?
True
Is 3096 a multiple of 18?
True
Is 4524 a multiple of 22?
False
Does 57 divide 1596?
True
Is 7 a factor of 4132?
False
Is 520 a multiple of 65?
True
Is 1005 a multiple of 42?
False
Is 6603 a multiple of 20?
False
Does 45 divide 5580?
True
Is 53 a factor of 2014?
True
Does 30 divide 9360?
True
Is 22 a factor of 638?
True
Is 6 a factor of 2215?
False
Does 34 divide 1122?
True
Is 6 a factor of 102?
True
Is 4 a factor of 302?
False
Is 286 a multiple of 12?
False
Does 30 divide 105420?
True
Does 37 divide 595?
False
Is 97 a factor of 48481?
False
Is 15 a factor of 8178?
False
Is 820 a multiple of 34?
False
Is 20064 a multiple of 8?
True
Is 728 a multiple of 4?
True
Is 2522 a multiple of 194?
True
Is 3659 a multiple of 8?
False
Does 7 divide 1085?
True
Does 12 divide 8712?
True
Does 19 divide 9536?
False
Does 9 divide 813?
False
Is 52 a factor of 988?
True
Does 76 divide 6122?
False
Is 8440 a multiple of 211?
True
Is 8537 a multiple of 147?
False
Is 2860 a multiple of 11?
True
Is 55624 a multiple of 10?
False
Does 109 divide 9592?
True
Is 2022 a multiple of 30?
False
Is 14 a factor of 3892?
True
Does 23 divide 5313?
True
Does 14 divide 8050?
True
Is 25 a factor of 3475?
True
Does 174 divide 24186?
True
Is 60 a factor of 5580?
True
Does 25 divide 19675?
True
Does 10 divide 1250?
True
Is 1199 a multiple of 78?
False
Is 24 a factor of 1472?
False
Is 155 a multiple of 7?
False
Is 792 a multiple of 18?
True
Is 24 a factor of 936?
True
Is 374 a multiple of 17?
True
Is 11 a factor of 4455?
True
Is 132 a multiple of 4?
True
Is 4 a factor of 188?
True
Is 111 a factor of 18426?
True
Is 17064 a multiple of 108?
True
Is 41 a factor of 2248?
False
Is 14 a factor of 23752?
False
Is 9 a factor of 999?
True
Does 19 divide 2603?
True
Is 8850 a multiple of 34?
False
Is 13 a factor of 3519?
False
Is 6 a factor of 330?
True
Is 1265 a multiple of 5?
True
Is 46 a factor of 11500?
True
Is 15 a factor of 12105?
True
Is 816 a multiple of 12?
True
Is 94 a multiple of 94?
True
Is 69111 a multiple of 71?
False
Does 10 divide 32330?
True
Is 2160 a multiple of 12?
True
Does 114 divide 7908?
False
Is 11513 a multiple of 74?
False
Is 30 a factor of 2340?
True
Is 204 a multiple of 51?
True
Is 242 a factor of 13394?
False
Is 21 a multiple of 5?
False
Is 28 a factor of 7840?
True
Is 132 a multiple of 11?
True
Is 291 a multiple of 3?
True
Is 178 a factor of 9968?
True
Does 17 divide 7531?
True
Is 23 a factor of 476?
False
Is 13122 a multiple of 81?
True
Is 59 even?
False
Is 11 a factor of 316?
False
Is 30 a factor of 510?
True
Is 58 a factor of 2743?
False
Does 8 divide 1446?
False
Does 7 divide 15967?
True
Is 5770 a multiple of 10?
True
Is 324 a multiple of 3?
True
Is 33 a factor of 2013?
True
Does 9 divide 186?
False
Is 17 a factor of 3167?
False
Does 29 divide 1421?
True
Is 1848 a multiple of 21?
True
Does 5 divide 16010?
True
Is 1115 a multiple of 2?
False
Does 70 divide 78260?
True
Is 8841 a multiple of 28?
False
Does 27 divide 16875?
True
Is 10 a